{"id":94,"date":"2023-10-31T22:34:50","date_gmt":"2023-10-31T21:34:50","guid":{"rendered":"https:\/\/ba4sweden.se\/?page_id=94"},"modified":"2023-10-31T22:43:31","modified_gmt":"2023-10-31T21:43:31","slug":"om-oss","status":"publish","type":"page","link":"https:\/\/ba4sweden.se\/?page_id=94","title":{"rendered":"Om oss"},"content":{"rendered":"<p>Vi \u00e4r ett f\u00f6retag som ing\u00e5r i ett n\u00e4tverk med flera andra f\u00f6retag.<\/p>\n<p>BA 4Sweden AB<br \/>\norg nummer: 5593879058<\/p>\n<p>B\u00e4sta s\u00e4tt att kontakta oss \u00e4r via v\u00e5rt <a href=\"https:\/\/ba4sweden.se\/?page_id=77\">kontaktformul\u00e4r, klicka h\u00e4r<\/a><\/p>\n<p>&nbsp;<\/p>\n","protected":false},"excerpt":{"rendered":"<p>Vi \u00e4r ett f\u00f6retag som ing\u00e5r i ett n\u00e4tverk med flera andra f\u00f6retag. BA 4Sweden AB org nummer: 5593879058 B\u00e4sta s\u00e4tt att kontakta oss \u00e4r via v\u00e5rt kontaktformul\u00e4r, klicka h\u00e4r &nbsp;<\/p>\n","protected":false},"author":1,"featured_media":0,"parent":0,"menu_order":1,"comment_status":"closed","ping_status":"closed","template":"","meta":{"footnotes":""},"class_list":["post-94","page","type-page","status-publish","hentry"],"_links":{"self":[{"href":"https:\/\/ba4sweden.se\/index.php?rest_route=\/wp\/v2\/pages\/94","targetHints":{"allow":["GET"]}}],"collection":[{"href":"https:\/\/ba4sweden.se\/index.php?rest_route=\/wp\/v2\/pages"}],"about":[{"href":"https:\/\/ba4sweden.se\/index.php?rest_route=\/wp\/v2\/types\/page"}],"author":[{"embeddable":true,"href":"https:\/\/ba4sweden.se\/index.php?rest_route=\/wp\/v2\/users\/1"}],"replies":[{"embeddable":true,"href":"https:\/\/ba4sweden.se\/index.php?rest_route=%2Fwp%2Fv2%2Fcomments&post=94"}],"version-history":[{"count":2,"href":"https:\/\/ba4sweden.se\/index.php?rest_route=\/wp\/v2\/pages\/94\/revisions"}],"predecessor-version":[{"id":97,"href":"https:\/\/ba4sweden.se\/index.php?rest_route=\/wp\/v2\/pages\/94\/revisions\/97"}],"wp:attachment":[{"href":"https:\/\/ba4sweden.se\/index.php?rest_route=%2Fwp%2Fv2%2Fmedia&parent=94"}],"curies":[{"name":"wp","href":"https:\/\/api.w.org\/{rel}","templated":true}]}}